{"id":22062,"date":"2024-03-25T11:02:05","date_gmt":"2024-03-25T11:02:05","guid":{"rendered":"https:\/\/d-tex.es\/?post_type=product&#038;p=22062"},"modified":"2024-07-11T11:10:09","modified_gmt":"2024-07-11T11:10:09","slug":"130-705-h-m-80","status":"publish","type":"product","link":"https:\/\/d-tex.es\/?product=130-705-h-m-80","title":{"rendered":"130\/705 H-M &#8211; 80"},"content":{"rendered":"<p><strong>Aguja Microtex<\/strong><br \/>\n<strong>Sugerencia<\/strong><br \/>\n&#8211; Cuando se acolchan telas batik que suelen tener un tejido muy denso, la aguja Microtex puede lograr costuras especialmente precisas.<\/p>\n<p>&#8211; Las puntas agudas son m\u00e1s sensibles que las puntas redondeadas o esf\u00e9ricas: Por ello, debe comprobar con m\u00e1s frecuencia si la aguja est\u00e1 da\u00f1ada y sustituirla a tiempo.<\/p>\n<p><strong>Recubrimiento<\/strong><br \/>\nEst\u00e1ndar<\/p>\n<p><strong>Forma de la punta<\/strong><br \/>\nPunta aguda fina<\/p>\n<p><strong>Caracter\u00edsticas principales<\/strong><br \/>\n&#8211; La fina punta aguda permite realizar puntadas precisas en materiales muy finos o densamente tejidos.<\/p>\n<p>&#8211; La aguja puede utilizarse para pespuntear bordes, por ejemplo, para crear puntadas especialmente rectas en cuellos o cintas de botones.<\/p>\n<p>&#8211; Forma especial de la hoja para evitar la rotura de la aguja y que se salten puntadas<\/p>\n<p><strong>Marca de color<\/strong><br \/>\nMorado<\/p>\n<p><strong>Tejidos \/ aplicaciones<\/strong><br \/>\nBelseta<br \/>\nMateriales recubiertos<br \/>\nBrocado<br \/>\nTejido de punto<br \/>\nCr\u00eape de Chine<br \/>\nCrinkle, crash<br \/>\nCupro<br \/>\nL\u00e1minas<br \/>\nGeorgette (tambi\u00e9n conocido como Cr\u00eape Georgette)<br \/>\nCrep\u00e9<br \/>\nPiel sint\u00e9tica, suave<br \/>\nLam\u00e9<br \/>\nTejido de microfibra<br \/>\nTejido de lentejuelas<br \/>\nPoli\u00e9ster<br \/>\nPopel\u00edn<br \/>\nSeda<br \/>\nEncaje<br \/>\nPespuntes<br \/>\nHule<\/p>\n","protected":false},"excerpt":{"rendered":"<p><strong><b>El precio es por UNIDAD y la cantidad m\u00ednima es de 100 unidades.<\/b><br \/>\nPedidos de mas cantidad cons\u00faltanos el precio a trav\u00e9s de este email <a href=\"mailto:info@d-tex.es\">info@d-tex.es<\/a><\/strong><\/p>\n","protected":false},"featured_media":22063,"comment_status":"open","ping_status":"closed","template":"","meta":[],"product_cat":[149],"product_tag":[153,154],"class_list":{"0":"post-22062","1":"product","2":"type-product","3":"status-publish","4":"has-post-thumbnail","6":"product_cat-hogar","7":"product_tag-tamanos-de-aguja-uniformes","8":"product_tag-tipo-de-envase-10-sb-tarjetas","10":"first","11":"instock","12":"shipping-taxable","13":"purchasable","14":"product-type-simple"},"yoast_head":"<!-- This site is optimized with the Yoast SEO plugin v23.0 - https:\/\/yoast.com\/wordpress\/plugins\/seo\/ -->\n<title>130\/705 H-M - 80 - D-Tex<\/title>\n<meta name=\"robots\" content=\"index, follow, max-snippet:-1, max-image-preview:large, max-video-preview:-1\" \/>\n<link rel=\"canonical\" href=\"https:\/\/d-tex.es\/?product=130-705-h-m-80\" \/>\n<meta property=\"og:locale\" content=\"es_ES\" \/>\n<meta property=\"og:type\" content=\"article\" \/>\n<meta property=\"og:title\" content=\"130\/705 H-M - 80 - D-Tex\" \/>\n<meta property=\"og:description\" content=\"El precio es por UNIDAD y la cantidad m\u00ednima es de 100 unidades. Pedidos de mas cantidad cons\u00faltanos el precio a trav\u00e9s de este email info@d-tex.es\" \/>\n<meta property=\"og:url\" content=\"https:\/\/d-tex.es\/?product=130-705-h-m-80\" \/>\n<meta property=\"og:site_name\" content=\"D-Tex\" \/>\n<meta property=\"article:modified_time\" content=\"2024-07-11T11:10:09+00:00\" \/>\n<meta property=\"og:image\" content=\"https:\/\/d-tex.es\/wp-content\/uploads\/2024\/03\/80-1.png\" \/>\n\t<meta property=\"og:image:width\" content=\"703\" \/>\n\t<meta property=\"og:image:height\" content=\"560\" \/>\n\t<meta property=\"og:image:type\" content=\"image\/png\" \/>\n<meta name=\"twitter:card\" content=\"summary_large_image\" \/>\n<meta name=\"twitter:label1\" content=\"Tiempo de lectura\" \/>\n\t<meta name=\"twitter:data1\" content=\"1 minuto\" \/>\n<script type=\"application\/ld+json\" class=\"yoast-schema-graph\">{\"@context\":\"https:\/\/schema.org\",\"@graph\":[{\"@type\":\"WebPage\",\"@id\":\"https:\/\/d-tex.es\/?product=130-705-h-m-80\",\"url\":\"https:\/\/d-tex.es\/?product=130-705-h-m-80\",\"name\":\"130\/705 H-M - 80 - D-Tex\",\"isPartOf\":{\"@id\":\"https:\/\/d-tex.es\/#website\"},\"primaryImageOfPage\":{\"@id\":\"https:\/\/d-tex.es\/?product=130-705-h-m-80#primaryimage\"},\"image\":{\"@id\":\"https:\/\/d-tex.es\/?product=130-705-h-m-80#primaryimage\"},\"thumbnailUrl\":\"https:\/\/d-tex.es\/wp-content\/uploads\/2024\/03\/80-1.png\",\"datePublished\":\"2024-03-25T11:02:05+00:00\",\"dateModified\":\"2024-07-11T11:10:09+00:00\",\"breadcrumb\":{\"@id\":\"https:\/\/d-tex.es\/?product=130-705-h-m-80#breadcrumb\"},\"inLanguage\":\"es\",\"potentialAction\":[{\"@type\":\"ReadAction\",\"target\":[\"https:\/\/d-tex.es\/?product=130-705-h-m-80\"]}]},{\"@type\":\"ImageObject\",\"inLanguage\":\"es\",\"@id\":\"https:\/\/d-tex.es\/?product=130-705-h-m-80#primaryimage\",\"url\":\"https:\/\/d-tex.es\/wp-content\/uploads\/2024\/03\/80-1.png\",\"contentUrl\":\"https:\/\/d-tex.es\/wp-content\/uploads\/2024\/03\/80-1.png\",\"width\":703,\"height\":560},{\"@type\":\"BreadcrumbList\",\"@id\":\"https:\/\/d-tex.es\/?product=130-705-h-m-80#breadcrumb\",\"itemListElement\":[{\"@type\":\"ListItem\",\"position\":1,\"name\":\"Portada\",\"item\":\"https:\/\/d-tex.es\/\"},{\"@type\":\"ListItem\",\"position\":2,\"name\":\"Productos\",\"item\":\"https:\/\/d-tex.es\/?page_id=7\"},{\"@type\":\"ListItem\",\"position\":3,\"name\":\"130\/705 H-M &#8211; 80\"}]},{\"@type\":\"WebSite\",\"@id\":\"https:\/\/d-tex.es\/#website\",\"url\":\"https:\/\/d-tex.es\/\",\"name\":\"D-Tex\",\"description\":\"\",\"publisher\":{\"@id\":\"https:\/\/d-tex.es\/#organization\"},\"potentialAction\":[{\"@type\":\"SearchAction\",\"target\":{\"@type\":\"EntryPoint\",\"urlTemplate\":\"https:\/\/d-tex.es\/?s={search_term_string}\"},\"query-input\":\"required name=search_term_string\"}],\"inLanguage\":\"es\"},{\"@type\":\"Organization\",\"@id\":\"https:\/\/d-tex.es\/#organization\",\"name\":\"D-Tex\",\"url\":\"https:\/\/d-tex.es\/\",\"logo\":{\"@type\":\"ImageObject\",\"inLanguage\":\"es\",\"@id\":\"https:\/\/d-tex.es\/#\/schema\/logo\/image\/\",\"url\":\"https:\/\/d-tex.es\/wp-content\/uploads\/2024\/04\/logo-josemaria-navarro-SL.png\",\"contentUrl\":\"https:\/\/d-tex.es\/wp-content\/uploads\/2024\/04\/logo-josemaria-navarro-SL.png\",\"width\":956,\"height\":344,\"caption\":\"D-Tex\"},\"image\":{\"@id\":\"https:\/\/d-tex.es\/#\/schema\/logo\/image\/\"}}]}<\/script>\n<!-- \/ Yoast SEO plugin. -->","yoast_head_json":{"title":"130\/705 H-M - 80 - D-Tex","robots":{"index":"index","follow":"follow","max-snippet":"max-snippet:-1","max-image-preview":"max-image-preview:large","max-video-preview":"max-video-preview:-1"},"canonical":"https:\/\/d-tex.es\/?product=130-705-h-m-80","og_locale":"es_ES","og_type":"article","og_title":"130\/705 H-M - 80 - D-Tex","og_description":"El precio es por UNIDAD y la cantidad m\u00ednima es de 100 unidades. Pedidos de mas cantidad cons\u00faltanos el precio a trav\u00e9s de este email info@d-tex.es","og_url":"https:\/\/d-tex.es\/?product=130-705-h-m-80","og_site_name":"D-Tex","article_modified_time":"2024-07-11T11:10:09+00:00","og_image":[{"width":703,"height":560,"url":"https:\/\/d-tex.es\/wp-content\/uploads\/2024\/03\/80-1.png","type":"image\/png"}],"twitter_card":"summary_large_image","twitter_misc":{"Tiempo de lectura":"1 minuto"},"schema":{"@context":"https:\/\/schema.org","@graph":[{"@type":"WebPage","@id":"https:\/\/d-tex.es\/?product=130-705-h-m-80","url":"https:\/\/d-tex.es\/?product=130-705-h-m-80","name":"130\/705 H-M - 80 - D-Tex","isPartOf":{"@id":"https:\/\/d-tex.es\/#website"},"primaryImageOfPage":{"@id":"https:\/\/d-tex.es\/?product=130-705-h-m-80#primaryimage"},"image":{"@id":"https:\/\/d-tex.es\/?product=130-705-h-m-80#primaryimage"},"thumbnailUrl":"https:\/\/d-tex.es\/wp-content\/uploads\/2024\/03\/80-1.png","datePublished":"2024-03-25T11:02:05+00:00","dateModified":"2024-07-11T11:10:09+00:00","breadcrumb":{"@id":"https:\/\/d-tex.es\/?product=130-705-h-m-80#breadcrumb"},"inLanguage":"es","potentialAction":[{"@type":"ReadAction","target":["https:\/\/d-tex.es\/?product=130-705-h-m-80"]}]},{"@type":"ImageObject","inLanguage":"es","@id":"https:\/\/d-tex.es\/?product=130-705-h-m-80#primaryimage","url":"https:\/\/d-tex.es\/wp-content\/uploads\/2024\/03\/80-1.png","contentUrl":"https:\/\/d-tex.es\/wp-content\/uploads\/2024\/03\/80-1.png","width":703,"height":560},{"@type":"BreadcrumbList","@id":"https:\/\/d-tex.es\/?product=130-705-h-m-80#breadcrumb","itemListElement":[{"@type":"ListItem","position":1,"name":"Portada","item":"https:\/\/d-tex.es\/"},{"@type":"ListItem","position":2,"name":"Productos","item":"https:\/\/d-tex.es\/?page_id=7"},{"@type":"ListItem","position":3,"name":"130\/705 H-M &#8211; 80"}]},{"@type":"WebSite","@id":"https:\/\/d-tex.es\/#website","url":"https:\/\/d-tex.es\/","name":"D-Tex","description":"","publisher":{"@id":"https:\/\/d-tex.es\/#organization"},"potentialAction":[{"@type":"SearchAction","target":{"@type":"EntryPoint","urlTemplate":"https:\/\/d-tex.es\/?s={search_term_string}"},"query-input":"required name=search_term_string"}],"inLanguage":"es"},{"@type":"Organization","@id":"https:\/\/d-tex.es\/#organization","name":"D-Tex","url":"https:\/\/d-tex.es\/","logo":{"@type":"ImageObject","inLanguage":"es","@id":"https:\/\/d-tex.es\/#\/schema\/logo\/image\/","url":"https:\/\/d-tex.es\/wp-content\/uploads\/2024\/04\/logo-josemaria-navarro-SL.png","contentUrl":"https:\/\/d-tex.es\/wp-content\/uploads\/2024\/04\/logo-josemaria-navarro-SL.png","width":956,"height":344,"caption":"D-Tex"},"image":{"@id":"https:\/\/d-tex.es\/#\/schema\/logo\/image\/"}}]}},"_links":{"self":[{"href":"https:\/\/d-tex.es\/index.php?rest_route=\/wp\/v2\/product\/22062","targetHints":{"allow":["GET"]}}],"collection":[{"href":"https:\/\/d-tex.es\/index.php?rest_route=\/wp\/v2\/product"}],"about":[{"href":"https:\/\/d-tex.es\/index.php?rest_route=\/wp\/v2\/types\/product"}],"replies":[{"embeddable":true,"href":"https:\/\/d-tex.es\/index.php?rest_route=%2Fwp%2Fv2%2Fcomments&post=22062"}],"version-history":[{"count":3,"href":"https:\/\/d-tex.es\/index.php?rest_route=\/wp\/v2\/product\/22062\/revisions"}],"predecessor-version":[{"id":23140,"href":"https:\/\/d-tex.es\/index.php?rest_route=\/wp\/v2\/product\/22062\/revisions\/23140"}],"wp:featuredmedia":[{"embeddable":true,"href":"https:\/\/d-tex.es\/index.php?rest_route=\/wp\/v2\/media\/22063"}],"wp:attachment":[{"href":"https:\/\/d-tex.es\/index.php?rest_route=%2Fwp%2Fv2%2Fmedia&parent=22062"}],"wp:term":[{"taxonomy":"product_cat","embeddable":true,"href":"https:\/\/d-tex.es\/index.php?rest_route=%2Fwp%2Fv2%2Fproduct_cat&post=22062"},{"taxonomy":"product_tag","embeddable":true,"href":"https:\/\/d-tex.es\/index.php?rest_route=%2Fwp%2Fv2%2Fproduct_tag&post=22062"}],"curies":[{"name":"wp","href":"https:\/\/api.w.org\/{rel}","templated":true}]}}